[INFO] cloning repository https://github.com/algon-320/toyterm
[INFO] running `Command { std: "git" "-c" "credential.helper=" "-c" "credential.helper=/workspace/cargo-home/bin/git-credential-null" "clone" "--bare" "https://github.com/algon-320/toyterm" "/workspace/cache/git-repos/https%3A%2F%2Fgithub.com%2Falgon-320%2Ftoyterm", kill_on_drop: false }`
[INFO] [stderr] Cloning into bare repository '/workspace/cache/git-repos/https%3A%2F%2Fgithub.com%2Falgon-320%2Ftoyterm'...
[INFO] running `Command { std: "git" "rev-parse" "HEAD", kill_on_drop: false }`
[INFO] [stdout] 5c1388ec0f56ab9432c3aa6b26a43a0a1781f9d0
[INFO] checking algon-320/toyterm against master#af3c6e733a40e671550e0f0f5aeecaa13772ba56 for pr-74989
[INFO] running `Command { std: "git" "clone" "/workspace/cache/git-repos/https%3A%2F%2Fgithub.com%2Falgon-320%2Ftoyterm" "/workspace/builds/worker-11/source", kill_on_drop: false }`
[INFO] [stderr] Cloning into '/workspace/builds/worker-11/source'...
[INFO] [stderr] done.
[INFO] validating manifest of git repo https://github.com/algon-320/toyterm on toolchain af3c6e733a40e671550e0f0f5aeecaa13772ba56
[INFO] running `Command { std: "/workspace/cargo-home/bin/cargo" "+af3c6e733a40e671550e0f0f5aeecaa13772ba56" "read-manifest" "--manifest-path" "Cargo.toml", kill_on_drop: false }`
[INFO] started tweaking git repo https://github.com/algon-320/toyterm
[INFO] removed path dependency sixel from git repo https://github.com/algon-320/toyterm
[INFO] finished tweaking git repo https://github.com/algon-320/toyterm
[INFO] tweaked toml for git repo https://github.com/algon-320/toyterm written to /workspace/builds/worker-11/source/Cargo.toml
[INFO] crate git repo https://github.com/algon-320/toyterm already has a lockfile, it will not be regenerated
[INFO] running `Command { std: "/workspace/cargo-home/bin/cargo" "+af3c6e733a40e671550e0f0f5aeecaa13772ba56" "fetch" "--locked" "--manifest-path" "Cargo.toml", kill_on_drop: false }`
[INFO] [stderr] warning: dependency (sixel) specified without providing a local path, Git repository, or version to use. This will be considered an error in future versions
[INFO] [stderr]     Updating crates.io index
[INFO] [stderr] error: the lock file /workspace/builds/worker-11/source/Cargo.lock needs to be updated but --locked was passed to prevent this
[INFO] [stderr] If you want to try to generate the lock file without accessing the network, use the --offline flag.
[INFO] the lockfile is outdated, regenerating it
[INFO] running `Command { std: "/workspace/cargo-home/bin/cargo" "+af3c6e733a40e671550e0f0f5aeecaa13772ba56" "generate-lockfile" "--manifest-path" "Cargo.toml" "-Zno-index-update", kill_on_drop: false }`
[INFO] [stderr]     Updating git repository `https://github.com/Rust-SDL2/rust-sdl2`
[INFO] running `Command { std: "/workspace/cargo-home/bin/cargo" "+af3c6e733a40e671550e0f0f5aeecaa13772ba56" "fetch" "--locked" "--manifest-path" "Cargo.toml", kill_on_drop: false }`
[INFO] [stderr] warning: dependency (sixel) specified without providing a local path, Git repository, or version to use. This will be considered an error in future versions
[INFO] [stderr]     Blocking waiting for file lock on package cache
[INFO] running `Command { std: "docker" "create" "-v" "/var/lib/crater-agent-workspace/builds/worker-11/target:/opt/rustwide/target:rw,Z" "-v" "/var/lib/crater-agent-workspace/builds/worker-11/source:/opt/rustwide/workdir:ro,Z" "-v" "/var/lib/crater-agent-workspace/cargo-home:/opt/rustwide/cargo-home:ro,Z" "-v" "/var/lib/crater-agent-workspace/rustup-home:/opt/rustwide/rustup-home:ro,Z" "-e" "SOURCE_DIR=/opt/rustwide/workdir" "-e" "CARGO_TARGET_DIR=/opt/rustwide/target" "-e" "CARGO_HOME=/opt/rustwide/cargo-home" "-e" "RUSTUP_HOME=/opt/rustwide/rustup-home" "-w" "/opt/rustwide/workdir" "-m" "1610612736" "--user" "0:0" "--network" "none" "rustops/crates-build-env@sha256:d92eaeed33fa75130ca1ee6c8a01d1ffb62bac859dfdfb3450e3e5d1c0146529" "/opt/rustwide/cargo-home/bin/cargo" "+af3c6e733a40e671550e0f0f5aeecaa13772ba56" "metadata" "--no-deps" "--format-version=1", kill_on_drop: false }`
[INFO] [stdout] 0726db163563df9e19b3654328ac0bfde452586207e568157873bbd966ce60aa
[INFO] [stderr] WARNING: Your kernel does not support swap limit capabilities or the cgroup is not mounted. Memory limited without swap.
[INFO] running `Command { std: "docker" "start" "-a" "0726db163563df9e19b3654328ac0bfde452586207e568157873bbd966ce60aa", kill_on_drop: false }`
[INFO] running `Command { std: "docker" "inspect" "0726db163563df9e19b3654328ac0bfde452586207e568157873bbd966ce60aa", kill_on_drop: false }`
[INFO] running `Command { std: "docker" "rm" "-f" "0726db163563df9e19b3654328ac0bfde452586207e568157873bbd966ce60aa", kill_on_drop: false }`
[INFO] [stdout] 0726db163563df9e19b3654328ac0bfde452586207e568157873bbd966ce60aa
[INFO] running `Command { std: "docker" "create" "-v" "/var/lib/crater-agent-workspace/builds/worker-11/target:/opt/rustwide/target:rw,Z" "-v" "/var/lib/crater-agent-workspace/builds/worker-11/source:/opt/rustwide/workdir:ro,Z" "-v" "/var/lib/crater-agent-workspace/cargo-home:/opt/rustwide/cargo-home:ro,Z" "-v" "/var/lib/crater-agent-workspace/rustup-home:/opt/rustwide/rustup-home:ro,Z" "-e" "SOURCE_DIR=/opt/rustwide/workdir" "-e" "CARGO_TARGET_DIR=/opt/rustwide/target" "-e" "CARGO_INCREMENTAL=0" "-e" "RUST_BACKTRACE=full" "-e" "RUSTFLAGS=--cap-lints=forbid" "-e" "CARGO_HOME=/opt/rustwide/cargo-home" "-e" "RUSTUP_HOME=/opt/rustwide/rustup-home" "-w" "/opt/rustwide/workdir" "-m" "1610612736" "--user" "0:0" "--network" "none" "rustops/crates-build-env@sha256:d92eaeed33fa75130ca1ee6c8a01d1ffb62bac859dfdfb3450e3e5d1c0146529" "/opt/rustwide/cargo-home/bin/cargo" "+af3c6e733a40e671550e0f0f5aeecaa13772ba56" "check" "--frozen" "--all" "--all-targets" "--message-format=json", kill_on_drop: false }`
[INFO] [stdout] 04359f5e25c6736951db5b1ac62cebf65229a3c344b9bc7a7cbf0a43d0ddd0e5
[INFO] [stderr] WARNING: Your kernel does not support swap limit capabilities or the cgroup is not mounted. Memory limited without swap.
[INFO] running `Command { std: "docker" "start" "-a" "04359f5e25c6736951db5b1ac62cebf65229a3c344b9bc7a7cbf0a43d0ddd0e5", kill_on_drop: false }`
[INFO] [stderr] warning: dependency (sixel) specified without providing a local path, Git repository, or version to use. This will be considered an error in future versions
[INFO] [stderr]    Compiling libc v0.2.77
[INFO] [stderr]    Compiling memchr v2.3.3
[INFO] [stderr]    Compiling autocfg v1.0.1
[INFO] [stderr]     Checking lazy_static v1.4.0
[INFO] [stderr]    Compiling serde v1.0.116
[INFO] [stderr]    Compiling cfg-if v0.1.10
[INFO] [stderr]     Checking serde v0.8.23
[INFO] [stderr]    Compiling ryu v1.0.5
[INFO] [stderr]    Compiling make-cmd v0.1.0
[INFO] [stderr]    Compiling version_check v0.1.5
[INFO] [stderr]    Compiling bitflags v1.2.1
[INFO] [stderr]     Checking lazy_static v0.2.11
[INFO] [stderr]     Checking regex-syntax v0.6.18
[INFO] [stderr]    Compiling serde_json v1.0.57
[INFO] [stderr]     Checking linked-hash-map v0.5.3
[INFO] [stderr]    Compiling sdl2 v0.34.3 (https://github.com/Rust-SDL2/rust-sdl2#665b9c8c)
[INFO] [stderr]     Checking itoa v0.4.6
[INFO] [stderr]    Compiling nix v0.15.0
[INFO] [stderr]     Checking void v1.0.2
[INFO] [stderr]     Checking rust-ini v0.13.0
[INFO] [stderr]     Checking ucd v0.1.1
[INFO] [stderr]    Compiling sdl2-sys v0.34.3 (https://github.com/Rust-SDL2/rust-sdl2#665b9c8c)
[INFO] [stderr]    Compiling sixel-sys v0.3.1
[INFO] [stderr]     Checking thread_local v1.0.1
[INFO] [stderr]     Checking yaml-rust v0.4.4
[INFO] [stderr]    Compiling nom v4.2.3
[INFO] [stderr]    Compiling num-traits v0.2.12
[INFO] [stderr]     Checking aho-corasick v0.7.13
[INFO] [stderr]     Checking num-traits v0.1.43
[INFO] [stderr]     Checking serde_test v0.8.23
[INFO] [stderr]     Checking memchr v0.1.11
[INFO] [stderr]     Checking thread-id v2.0.0
[INFO] [stderr]     Checking linked-hash-map v0.3.0
[INFO] [stderr]     Checking thread_local v0.2.7
[INFO] [stderr]     Checking aho-corasick v0.5.3
[INFO] [stderr]     Checking regex v1.3.9
[INFO] [stderr]     Checking regex v0.1.80
[INFO] [stderr]     Checking semver-parser v0.6.2
[INFO] [stderr]     Checking serde-hjson v0.8.2
[INFO] [stderr]     Checking sixel v0.3.2
[INFO] [stderr]     Checking toml v0.4.10
[INFO] [stderr]     Checking config v0.9.3
[INFO] [stderr]     Checking toyterm v0.1.0 (/opt/rustwide/workdir)
[INFO] [stdout] error[E0412]: cannot find type `Image` in crate `sixel`
[INFO] [stdout]   --> src/terminal/control.rs:25:18
[INFO] [stdout]    |
[INFO] [stdout] 25 |     Sixel(sixel::Image),
[INFO] [stdout]    |                  ^^^^^ not found in `sixel`
[INFO] [stdout] 
[INFO] [stdout] 
[INFO] [stdout] error[E0425]: cannot find function `decode` in crate `sixel`
[INFO] [stdout]    --> src/terminal/control.rs:279:38
[INFO] [stdout]     |
[INFO] [stdout] 279 |                     let img = sixel::decode(itr, [3, 2, 1, 0], 0, None);
[INFO] [stdout]     |                                      ^^^^^^ not found in `sixel`
[INFO] [stdout]     |
[INFO] [stdout] help: consider importing one of these items
[INFO] [stdout]     |
[INFO] [stdout] 1   | use core::num::flt2dec::decode;
[INFO] [stdout]     |
[INFO] [stdout] 1   | use crate::unistd::ptr::fmt::flt2dec::decode;
[INFO] [stdout]     |
[INFO] [stdout] 
[INFO] [stdout] 
[INFO] [stdout] error[E0412]: cannot find type `Image` in crate `sixel`
[INFO] [stdout]    --> src/terminal/render.rs:449:47
[INFO] [stdout]     |
[INFO] [stdout] 449 |     pub fn draw_sixel(&mut self, img: &sixel::Image) {
[INFO] [stdout]     |                                               ^^^^^ not found in `sixel`
[INFO] [stdout] 
[INFO] [stdout] 
[INFO] [stdout] error[E0412]: cannot find type `Image` in crate `sixel`
[INFO] [stdout]   --> src/terminal/control.rs:25:18
[INFO] [stdout]    |
[INFO] [stdout] 25 |     Sixel(sixel::Image),
[INFO] [stdout]    |                  ^^^^^ not found in `sixel`
[INFO] [stdout] 
[INFO] [stdout] 
[INFO] [stdout] error[E0425]: cannot find function `decode` in crate `sixel`
[INFO] [stdout]    --> src/terminal/control.rs:279:38
[INFO] [stdout]     |
[INFO] [stdout] 279 |                     let img = sixel::decode(itr, [3, 2, 1, 0], 0, None);
[INFO] [stdout]     |                                      ^^^^^^ not found in `sixel`
[INFO] [stdout]     |
[INFO] [stdout] help: consider importing one of these items
[INFO] [stdout]     |
[INFO] [stdout] 1   | use core::num::flt2dec::decode;
[INFO] [stdout]     |
[INFO] [stdout] 1   | use crate::unistd::ptr::fmt::flt2dec::decode;
[INFO] [stdout]     |
[INFO] [stdout] 
[INFO] [stdout] 
[INFO] [stdout] error[E0412]: cannot find type `Image` in crate `sixel`
[INFO] [stdout]    --> src/terminal/render.rs:449:47
[INFO] [stdout]     |
[INFO] [stdout] 449 |     pub fn draw_sixel(&mut self, img: &sixel::Image) {
[INFO] [stdout]     |                                               ^^^^^ not found in `sixel`
[INFO] [stdout] 
[INFO] [stdout] 
[INFO] [stdout] error: aborting due to 3 previous errors
[INFO] [stdout] 
[INFO] [stdout] 
[INFO] [stdout] Some errors have detailed explanations: E0412, E0425.
[INFO] [stdout] 
[INFO] [stdout] For more information about an error, try `rustc --explain E0412`.
[INFO] [stdout] 
[INFO] [stdout] error: aborting due to 3 previous errors
[INFO] [stdout] 
[INFO] [stdout] 
[INFO] [stdout] Some errors have detailed explanations: E0412, E0425.
[INFO] [stdout] 
[INFO] [stdout] For more information about an error, try `rustc --explain E0412`.
[INFO] [stdout] 
[INFO] [stderr] error: could not compile `toyterm`.
[INFO] [stderr] 
[INFO] [stderr] To learn more, run the command again with --verbose.
[INFO] [stderr] warning: build failed, waiting for other jobs to finish...
[INFO] [stderr] error: build failed
[INFO] running `Command { std: "docker" "inspect" "04359f5e25c6736951db5b1ac62cebf65229a3c344b9bc7a7cbf0a43d0ddd0e5", kill_on_drop: false }`
[INFO] running `Command { std: "docker" "rm" "-f" "04359f5e25c6736951db5b1ac62cebf65229a3c344b9bc7a7cbf0a43d0ddd0e5", kill_on_drop: false }`
[INFO] [stdout] 04359f5e25c6736951db5b1ac62cebf65229a3c344b9bc7a7cbf0a43d0ddd0e5
